 133/9. What is the tens digit of 76*((a - -7) + 15)?
3
Suppose -50*g = -28*g. Suppose -14*x + 6741 - 623 = g. What is the tens digit of x?
3
Suppose -4*w = 2*m - 3 + 5, 0 = -5*w - m - 1. Let a be (w + -2 - -204) + -3. Let o = a - 128. What is the units digit of o?
1
Suppose 0 = 23*v - 6*v - 459. Suppose 65 + v = 2*n + 4*a, 0 = -2*n - a + 98. What is the tens digit of n?
5
Let t(d) = -35*d - 10. Let m be 7/(((-6)/(-24))/(2/8)). Let k(f) = -34*f - 11. Let o(p) = m*k(p) - 6*t(p). What is the hundreds digit of o(-6)?
1
Suppose -2*f + 27468 = 12*o - 15*o, -3*o + 41187 = 3*f. What is the tens digit of f?
3
Let l = 46 - 44. Let f(h) = 33*h**2 + 0*h**2 + 2*h**l - 1. What is the tens digit of f(1)?
3
Let t(c) = 25*c**2 + 19*c + 8. Let f be t(-31). What is the hundreds digit of f/36 - 16/72?
6
What is the units digit of (-118162)/(-16) + (-304)/2432?
5
Suppose -6967 = -4*n - 3*q, -4*n - q + 5224 = -n. Let c = n - 430. What is the hundreds digit of c?
3
Let z = 189 + -191. What is the hundreds digit of (z - -16)*152/2 + -3?
0
Let o = 4 + -1. Let i be 84*(-1 + 3/6)/1. Let g = o - i. What is the tens digit of g?
4
Suppose -36*u + 8 = -35*u. Let o(z) = -2*z**2 + 9*z + 16. Let p be o(u). What is the units digit of (15/10)/((-3)/p)?
0
Suppose 0 = -r - 5, 35 = 3*n + 7*r - 2*r. Let m(p) = 21*p - 28. What is the hundreds digit of m(n)?
3
Suppose 2*s - 6*u + 4*u = 10, 5*s - 16 = -4*u. What is the tens digit of (7 - -349)/(1 - (3 - s))?
7
Let k(m) be the first derivative of -5*m**2/2 - 45*m - 2. Let z be k(-12). What is the tens digit of ((-6)/(-15))/(3/z) - -130?
3
Let w(k) = k**2 + 10*k - 9. Let c be w(-13). What is the units digit of c/(-9)*(-24)/(-16) - -106?
1
Let i(a) = 2*a**2 - 21*a + 6018. What is the units digit of i(0)?
8
Let x(h) = -67*h + 6. Suppose -2*p - 3*v = -3*p - 4, 5*v + 10 = 0. What is the tens digit of x(p)?
7
Suppose -331*c - 3835396 = -16522957. What is the ten thousands digit of c?
3
Suppose 200*a = -72*a - 256*a + 29022048. What is the hundreds digit of a?
9
Let k(m) = 2*m + 37. Let n be k(-18). What is the hundreds digit of 7 - -780 - (4 + n)?
7
Let a(y) = 18*y - 930. Let h be a(52). Let s(r) = 10*r + 6*r + 8 - 24. What is the tens digit of s(h)?
8
Let v(x) = -x**2 + 3*x + 32. Let y be v(5). Suppose 19*s - y*s = -4*g - 1993, 0 = 2*s + 2*g - 1352. What is the tens digit of s?
7
Suppose -2*v + j + 161408 = 0, -v + 33*j = 31*j - 80707. What is the units digit of v?
3
Suppose 9585 = 29*z - 34321. What is the hundreds digit of z?
5
Let y = -7 - -10. Suppose 0*v - 3*z = -y*v + 549, -z = -3*v + 543. Suppose 2*p = v + 146. What is the tens digit of p?
6
Let n = -28 + 33. Suppose 0 = n*b - 3*j - 36 - 48, 33 = 2*b - j. What is the units digit of 1*b*72/30?
6
Suppose 3*l - 6 = v, 4*v + 2*l - 18 = -0*l. Suppose v*z + 73 = 37. What is the units digit of (22*-1)/((z/(-4))/(-3))?
2
Suppose 2*u + 11 = -25. Let f = -4 - u. Suppose m - 132 = 11*h - f*h, -5*m = -h + 44. What is the units digit of h?
4
Suppose 4*o = 5*s - 1095, 0 = 4*s + 8*o - 7*o - 855. Let w = s + 244. What is the tens digit of w?
5
Suppose -2103 - 3328 = -w - 3*z, 0 = 2*w - 2*z - 10854. What is the hundreds digit of w?
4
What is the units digit of 12116/3 - (-280)/(-105)?
6
Let q(y) = -y**2 + 6*y - 9. Suppose 17*b - 9 = 14*b. Let g be q(b). Suppose 0*r + 2*r - 10 = g, 3*c = -2*r + 412. What is the tens digit of c?
3
Suppose 3*a - 4*a + 2*x = 1, -2*a = -3*x + 4. What is the hundreds digit of (-35440)/(-90) + a - 4/(-18)?
3
Let b = -32 + 33. Let p(r) = 4*r**2 - 6*r + 5. Let c be p(b). Suppose c*f - 287 = -5*h - f, -43 = -h + 4*f. What is the units digit of h?
5
Let d(n) = -n**3 - 2*n**2 + 14*n + 16. Let f be d(-6). Let j = f - 78. What is the units digit of j + 12/16*4 - -194?
5
Let k be ((5/2)/(-5))/(15/(-78300)). Suppose -18*q = -8*q - k. What is the units digit of q?
1
What is the ten thousands digit of (-4895464)/(-214) - (-20 + -2)?
2
Let j(c) = -1252*c**3 + 3*c**2 + 43*c + 81. What is the thousands digit of j(-2)?
0
Suppose -5004 = 3*w - 3*a - 16074, 4*w - 3*a = 14759. What is the thousands digit of w?
3
Suppose -20*w - w + 66267 = -40770. What is the tens digit of w?
9
Let d = -5656 - -7762. What is the hundreds digit of d?
1
Let d(p) = 1025*p**2 + 5*p + 7. What is the tens digit of d(-3)?
1
What is the thousands digit of (2*-1 - -3) + (227 - -8022)?
8
Suppose 0 = 24*h - 17*h - 4781. Let p = 1146 - h. What is the hundreds digit of p?
4
Let h = -23 + 18. Let k be h/2*(2 + -4). Suppose d - 94 = 2*t, -k = 4*t - 25. What is the units digit of d?
4
Let x(h) = h**3 - 3*h**2 - 2*h + 9. Let u be x(3). Suppose 0 = i - 2*f - 13, 5*i = -5*f + u - 13. What is the units digit of 69/((-2 + i)*2/6)?
7
Let v be (-3 - -2)*(-38)/19. Suppose -v*r + 1 = 2*c + 3, -5*r - 19 = -2*c. Suppose 0 = -3*u + c*u, 2*u = 2*o - 534. What is the tens digit of o?
6
Let s = 573 + -573. Suppose -4*j = 3*t - 1729, -1164 = -2*t + 3*j - s*j. What is the tens digit of t?
7
Let i(c) = c + 19. Let m be i(5). Suppose m = 4*d - 0. What is the tens digit of 29/d*2 + (-1)/(-3)?
1
Suppose -48*y + 17*y - 60853 = 0. Let q = -1075 - y. What is the tens digit of q?
8
Suppose 7960 = 4*s + 4*c - 6*c, 5*s = 3*c + 9950. What is the tens digit of s?
9
Suppose -43*k + 18577 = -30*k. Suppose 0 = 21*x - 17578 + k. What is the hundreds digit of x?
7
Let k(u) = -11*u + 4. Let h be k(-5). Let s = h + 159. Let x = s + -153. What is the units digit of x?
5
What is the tens digit of 149 + 2 + 0 + (918/(-34) - -28)?
5
Let d = -324 + 522. Let l be (44/d)/(1/9). Suppose l*z - 142 = 66. What is the hundreds digit of z?
1
Let v = -22 + 22. Let m(q) = -q + 1. Let w(i) = -6*i - 21. Let z(o) = 18*m(o) - 2*w(o). What is the tens digit of z(v)?
6
Let c(l) = 558*l**2 + 615*l + 3657. What is the ten thousands digit of c(-6)?
2
Suppose 5*z = n - 222, 5*n + 87 = -5*z - 123. Let o = 46 + z. Suppose -4*i + 24 = -o*m, -i + 0*i - 2*m = -1. What is the units digit of i?
5
Suppose 0 = 4*z - 8*m + 6*m - 4292, z - 1063 = -2*m. What is the hundreds digit of z?
0
Let f(o) = -11*o + 42. Let w(j) = -6*j + 21. Let g(v) = -2*f(v) + 5*w(v). Let n be g(-7). What is the tens digit of 8/(-14)*n/(-2)?
2
Suppose 189 + 21 = 2*u. Let x be (123/(-12))/(0 - (-4)/(-16)). Let h = u + x. What is the units digit of h?
6
Let o(v) = 6*v**2 + 11*v**2 - 6 + 5*v**3 + 11 - 6*v**3 - 14*v. What is the hundreds digit of o(11)?
5
Suppose 10*r = -883 - 757. Let w be 488/(-5) - (-3)/5. Let k = w - r. What is the tens digit of k?
6
Let m = -474 - -465. What is the hundreds digit of 21/70*-4*4245/m?
5
Let s be (-5 - -510)/5*(1 - 0). Let m = -107 + s. Let y(c) = -2*c**3 - 5*c**2 + 14*c + 31. What is the units digit of y(m)?
9
Let o = 710 + -505. Let w(p) = -2*p + o*p**2 - 204*p**2 - 2*p. What is the units digit of w(-9)?
7
Let l(j) = -j**3 + 3*j**2 - 5*j + 7. Let r be l(3). Let n(p) = 2*p + 10. Let k be n(r). What is the units digit of ((-2)/k - 1)*-129?
6
Let z(i) = -169*i + 1734. What is the tens digit of z(-34)?
8
Suppose -5*o + 4*u + 39899 = 13483, 2*o + u = 10582. What is the tens digit of o?
8
Suppose 0 = -r + 5*o + 613, -2*o = -7*r + 8*r - 592. Suppose 4*z - 2*v + 200 = r, 98 = z - v. What is the hundreds digit of z?
1
Suppose 11 = p - 10. Suppose p*i - 33495 = -10059. What is the thousands digit of i?
1
Suppose 2044 = 9*z - 7*z. Let n = z + -574. What is the units digit of n?
8
Suppose -4*l + 66272 = 4*g, 6*g = -l - 44748 + 144171. What is the ten thousands digit of g?
1
Let u = 72 + -66. Let f(z) = 2*z**3 - 16*z**2 + 9*z. Let n be f(u). What is the tens digit of -4 - 1*(n + -1)?
8
Suppose 1102629 = 224*q - 10*q - 223101. What is the hundreds digit of q?
1
Let x be (-1)/2*22 - -4. Let d(b) = -b**2 - 8*b. Let m be d(x). What is the units digit of ((-18)/m)/(54/28 - 2)?
6
Let s(z) = -296 + 157 - 8*z + 2*z**2 + 108. Let p be s(17). What is the units digit of ((-16)/48)/((-1)/p)?
7
Suppose 15*u - 3348 = 11*u. Suppose 2*h = -5*n + u, 8*h - 6*h + 8 = 0. What is the hundreds digit of n?
1
Let s(n) = 47*n**2 + 56*n + 1779. What is the ten thousands digit of s(-19)?
1
Let s(n) = 489*n**2 - 176*n - 549. What is the thousands digit of s(-3)?
4
Let i = 575 - 574. What is the tens digit of (2045/(-15))/((-5)/(45/i))?
2
Suppose 251*g - 271*g = -141400. What is the thousands digit of g?
7
What is the unit